{"id":161,"date":"2025-11-09T23:41:11","date_gmt":"2025-11-09T23:41:11","guid":{"rendered":"http:\/\/Admin-Espanol"},"modified":"2025-11-09T23:41:11","modified_gmt":"2025-11-09T23:41:11","slug":"politicas-de-privacidad","status":"publish","type":"page","link":"https:\/\/papelesditar.vixnex.com\/index.php\/politicas-de-privacidad\/","title":{"rendered":"Pol\u00edticas De Privacidad"},"content":{"rendered":"\n<p><strong>DITAR S.A<\/strong>., sociedad dedicada a a) La producci\u00f3n, comercializaci\u00f3n, importaci\u00f3n y exportaci\u00f3n de cuadernos, art\u00edculos escolares, formas continuas de papel, suministros para oficina, litograf\u00edas, artes gr\u00e1ficas, e impresos comerciales b) La adquisici\u00f3n de materia prima y dem\u00e1s insumos que requieran las actividades anteriores anunciadas c)Celebrar contratos de agencia, distribuciones, concesi\u00f3n, suministros y consignaci\u00f3n sobre las actividades enumeradas en el ordinal a. d) Comprar, vender, hipotecar, pignorar y administrar toda clase de bienes inmuebles y muebles en desarrollo de su objeto social; podr\u00e1 la sociedad celebrar toda clase de contratos comerciales, labores, civiles, administrativos, financieros necesarios para el desenvolvimiento de sus actividades; Imprimir todo tipo de documento de Seguridad, T\u00edtulos valores y formularios para las apuestas de chance, podr\u00e1 la sociedad celebrar toda clase de contratos comerciales, laborales, civiles, administrativos, financieros necesarios para el desenvolvimiento de esta actividad; Adecuaci\u00f3n, instalaci\u00f3n de mobiliarios, equipos de oficina, dotaci\u00f3n y administraci\u00f3n de pautas, entre otras actividades previstas en su objeto social, identificada con el NIT 802.005.820-5 con domicilio principal en la direcci\u00f3n Km 7 v\u00eda Juan Mina Parque Industrial Claver\u00eda Bodega No.1 en Barranquilla, Colombia. DITAR S.A. reconoce la importancia de la seguridad, privacidad y confidencialidad de los datos personales de sus trabajadores, clientes, proveedores y en general de todos sus agentes de inter\u00e9s respecto de los cuales ejerce tratamiento de informaci\u00f3n personal, por lo que, en cumplimiento a los mandatos constitucionales y legales, presenta el siguiente documento que contiene sus pol\u00edticas para el tratamiento de datos personales.<br>\u200d<strong><br>T\u00cdTULO I DEFINICIONES&nbsp;<\/strong>Los conceptos que a continuaci\u00f3n se presentan, son resultado de lo expuesto por la Ley1581 DE 2012. Por lo anterior, los mismos han de ser interpretados de manera integral y en asonancia con el derecho fundamental que desarrollan.1.Autorizaci\u00f3n: Consentimiento previo, expreso e informado del titular de la informaci\u00f3n personal para que la empresa lleve a cabo el tratamiento de sus datos personales. El consentimiento puede otorgarse por escrito, de forma oral o mediante conductas inequ\u00edvocas del titular que permitan concluir que otorg\u00f3 la autorizaci\u00f3n.2. Base de datos: Conjunto organizado de datos personales objeto del3. Dato personal: Cualquier informaci\u00f3n vinculada o que pueda asociarse a una o a varias personas naturales determinadas o4. Dato p\u00fablico: Es el dato calificado como tal seg\u00fan mandato de la Ley y\/o de la Constituci\u00f3n Pol\u00edtica. Son P\u00fablicos entre otros los datos contenidos en documentos p\u00fablicos, los relativos al estado civil de las personas, a su profesi\u00f3n u oficio, a su calidad de comerciante o de servidor p\u00fablico y aquellos que puedan obtenerse sin reserva5. Dato Privado: Es el dato que por su naturaleza intima reservada solo es relevante para el titular.6. Dato sensible: Aquellos datos que afectan la intimidad del Titular, tales como aquellos que revelen el origen racial o \u00e9tnico, la orientaci\u00f3n pol\u00edtica, las convicciones religiosas o filos\u00f3ficas, la pertenencia a sindicatos, organizaciones sociales, de derechos humanos o que promueva intereses de cualquier partido pol\u00edtico o que garanticen los derechos y garant\u00edas de partidos pol\u00edticos de oposici\u00f3n as\u00ed como los datos relativos a la salud, a la vida sexual y los datos biom\u00e9tricos, entre otros, la captura de imagen fija o en movimiento, huellas digitales, fotograf\u00edas, iris, reconocimiento de voz, facial o de palmade7. Causahabiente: Persona que ha sucedido a otra causa del fallecimiento de \u00e9sta(heredero o legatario).8. Encargado del tratamiento: Persona natural o jur\u00eddica, p\u00fablica o privada, que por s\u00ed misma o en asocio con otros, realiza el tratamiento de datos personales por cuenta del responsable del9. Responsable del tratamiento: Persona natural o jur\u00eddica, p\u00fablica o privada, que por s\u00ed misma o en asocio con otros, decide sobre la base de datos y\/o el Tratamiento de losdatos.10. Titular: Persona natural cuyos datos personales sean objeto de Tratamiento11. Tratamiento de datos: Cualquier operaci\u00f3n o conjunto de operaciones sobre datos personales, tales como la recolecci\u00f3n, almacenamiento, uso, circulaci\u00f3n o supresi\u00f3n.<\/p>\n\n\n\n<p>\u200d<strong>T\u00cdTULO II PRINCIPIOS A LOS QUE EST\u00c1 SUJETO EL TRATAMIENTO<br>\u200d<\/strong>En todo caso, el procesamiento de datos personales que se efect\u00fae con ocasi\u00f3n de la presente pol\u00edtica de tratamiento, deber\u00e1 regirse estrictamente bajo los siguientesprincipios:1. Principio de legalidad en materia de Tratamiento de datos: El Tratamiento a que se refiere la presente ley es una actividad reglada que debe sujetarse a lo establecido en ella y en las dem\u00e1s disposiciones que la desarrollen2.Principio de libertad: Salvo norma legal en contrario, la recolecci\u00f3n de los datos s\u00f3lo puede ejercerse con la autorizaci\u00f3n previa, expresa e informada del titular. Los datos personales no podr\u00e1n ser obtenidos o divulgados sin el previo consentimiento del titular, o en ausencia de mandato legal o judicial que releve el consentimiento.3. Principio de finalidad: El tratamiento debe obedecer a una finalidad leg\u00edtima de acuerdo con la Constituci\u00f3n y la Ley, la cual debe ser informada al4. Principio de veracidad o calidad: Conforme con el art\u00edculo 22 del Decreto 1377 de 2013,la informaci\u00f3n sujeta a tratamiento debe ser veraz, completa, exacta, actualizada, comprobable y 5. Principio de seguridad: DITAR como responsable del tratamiento de datos de car\u00e1cter personal, proporciona las medidas t\u00e9cnicas, humanas y administrativas quesean necesarias para otorgar seguridad a los registros, evitando su adulteraci\u00f3n, p\u00e9rdida, consulta, uso o acceso no autorizado o6. Principio de transparencia: En el tratamiento de la informaci\u00f3n debe garantizarse el derecho del titular a obtener en cualquier momento y sin restricciones, informaci\u00f3n acerca de la existencia de datos que le7. Principio de acceso y circulaci\u00f3n restringida: El tratamiento se sujeta a los l\u00edmites que se derivan de la naturaleza de los datos personales, de las disposiciones de la presente pol\u00edtica, de la Ley, y la Constituci\u00f3n.8.Principio de confidencialidad: Todas las personas que intervengan en el tratamiento de datos personales, que no tengan la naturaleza de p\u00fablicos, est\u00e1n obligadas a garantizar la reserva de la informaci\u00f3n, inclusive despu\u00e9s de finalizada su relaci\u00f3n con alguna de las labores que comprende el tratamiento, pudiendo s\u00f3lo realizar suministro o comunicaci\u00f3n de datos personales cuando ello corresponda al desarrollo de las actividades autorizadas en la ley.<\/p>\n\n\n\n<p><strong>T\u00cdTULO III FINALIDADES DEL TRATAMIENTO<br>DITAR S.A.<\/strong>&nbsp;tiene diferentes tipos de bases de datos, las cuales se clasifican en las siguientes categor\u00edas y finalidades :No. TIPO DE BASE DE DATOS FINALIDAD 1 Gesti\u00f3n humana. En esta categor\u00eda se encuentran todas las bases de datos y archivos f\u00edsicos y automatizados relacionados con los procesos de gesti\u00f3n humana, como la liquidaci\u00f3n de n\u00f3mina, cumplimento de obligaciones legales, certificaciones laborales, control de horarios, registros de capacitaci\u00f3n, para la efectiva administraci\u00f3n del personal.2 Gesti\u00f3n de procesos. En esta categor\u00eda se encuentran la administraci\u00f3n del sistema de gesti\u00f3n, auditor\u00edas, registro y seguimiento de la accidentalidad laboral que pueda producirse en cumplimiento del objeto contractual, con el fin de implementar controles y pol\u00edticas para la mitigaci\u00f3n del riesgo. Registro de ausentismos y casos en proceso de calificaci\u00f3n o calificados como enfermedad laboral. Gestionar y controlar las infracciones de tr\u00e1nsito de los trabajadores de la organizaci\u00f3n 3. Ventas. En esta categor\u00eda se encuentran todas las bases de datos y archivos f\u00edsicos y automatizados relacionados con la gesti\u00f3n de clientes, y su finalidad es el fortalecimiento de las relaciones mediante el env\u00edo de informaci\u00f3n relevante, la toma de pedidos y la atenci\u00f3n de Peticiones, Quejas y Reclamos (PQR), la evaluaci\u00f3n de la calidad de su servicio al cliente.4. Compras. En esta categor\u00eda se encuentran todas las bases de datos y archivos f\u00edsicos y automatizados relacionados con la gesti\u00f3n de proveedores, teniendo como finalidad la consolidaci\u00f3n de suministro oportuno y de calidad con sus Proveedores, a trav\u00e9s de la invitaci\u00f3n a participar en procesos de selecci\u00f3n, la evaluaci\u00f3n del cumplimiento de sus obligaciones.<\/p>\n\n\n\n<p><strong>T\u00cdTULO IV DERECHOS DE LOS TITULARES DE DATOS PERSONALES<\/strong><br>1. Conocer, actualizar y rectificar sus datos personales en cualquier momento frente a DITAR S.A. respecto a los datos que considere parciales, inexactos, incompletos, fraccionados y aquellos que induzcan a2. Solicitar prueba de existencia de la autorizaci\u00f3n otorgada a DITAR A., salvo los casos en los que la ley except\u00faa la autorizaci\u00f3n.3. Ser informado, previa solicitud, respecto del uso que se les ha dado a sus datos4. Presentar ante la Superintendencia de Industria y Comercio quejas por infracciones a lo dispuesto en la Ley 1581 de 2012 y dem\u00e1s normas que la modifiquen, adicionen ocomplementen.5. Modificar y revocar la autorizaci\u00f3n y\/o solicitar la supresi\u00f3n de datos, cuando el tratamiento dado no respete los principios, derechos y las garant\u00edas legales yconstitucionales6. Tener conocimiento y acceder en forma gratuita a sus datos personales que hayan sido objeto de tratamiento por parte de DITAR S.A.<br>\u200d<br><strong>T\u00cdTULO V DEBERES DE DITAR S.A. RESPECTO A LOS TITULARES DE DATOS PERSONALES<br>DITAR S.A<\/strong>. tiene presente que los Datos Personales son de propiedad de las personas alas que se refieren y solamente ellas pueden decidir sobre los mismos. As\u00ed mismo, har\u00e1 uso de dichos datos solamente para las finalidades a las que se encuentra debidamente facultada y respetando, en todo caso, la normatividad vigente sobre la Protecci\u00f3n de Datos Personales, para lo cual, cumplir\u00e1 con las siguientesobligaciones:1. Garantizar al Titular, en todo tiempo, el pleno y efectivo ejercicio del derecho de h\u00e1beas data.2. Solicitar y conservar, en las condiciones previstas en la presente ley, copia de la respectiva autorizaci\u00f3n otorgada por el3. Informar debidamente al Titular sobre la finalidad de la recolecci\u00f3n y los derechos que le asisten por virtud de la autorizaci\u00f3n4. Conservar la informaci\u00f3n bajo las condiciones de seguridad necesarias para impedir su adulteraci\u00f3n, p\u00e9rdida, consulta, uso o acceso no autorizado o5. Informar a solicitud del titular sobre el uso dado a sus datos6. Tramitar las consultas y reclamos formulados en los t\u00e9rminos se\u00f1alados en la presente pol\u00edtica.7. Procurar que los principios para el tratamiento de los datos personales establecido sen la presente pol\u00edtica se cumplan a8. Informar a la autoridad de protecci\u00f3n de datos cuando se presenten violaciones a los c\u00f3digos de seguridad y existan riesgos en la administraci\u00f3n de la informaci\u00f3n de losTitulares.9. Actualizar, rectificar los datos personales cuando ello sea procedente, o suprimirlos cuando sea procedente a solicitud del10. Cumplir las instrucciones y requerimientos que imparta la Superintendencia de Industria y comercio.<\/p>\n\n\n\n<p>\u200d<strong>T\u00cdTULO VI TRATAMIENTO DE DATOS PERSONALES<br>\u200d<\/strong>1. Recolecci\u00f3nDITAR S.A. recolecta informaci\u00f3n personal a trav\u00e9s de diferentes actividadesrelacionadas con su objeto social, y en el marco de las obligaciones que tiene comoempleador. La informaci\u00f3n se solicita de manera directa al titular.b) AlmacenamientoEl almacenamiento de la informaci\u00f3n personal contenida en las bases de datos, seencuentra en nuestros servidores, ubicados en la oficina principal de DITAR S.A.,contando con todas las medidas de seguridad f\u00edsica, t\u00e9cnicas y administrativas, ycuenta con controles de acceso a la informaci\u00f3n, garantizando el principio de acceso ycirculaci\u00f3n restringida.c) Usos y finalidades de la recolecci\u00f3n de la informaci\u00f3nEl uso y la finalidad de la informaci\u00f3n recogida y almacenada en las bases de datos,tiene diferentes objetivos, entre ellos, se encuentran:A. Gesti\u00f3n de estad\u00edsticas internas, atenci\u00f3n al cliente (Gesti\u00f3n PQR), Fidelizaci\u00f3n declientes, env\u00edo de comunicaciones.1. Facturaci\u00f3n, Compras, Hist\u00f3rico de relaciones1. Control de turnos, formaci\u00f3n de personal, gesti\u00f3n de personal, gesti\u00f3n de trabajotemporal, prestaciones sociales, prevenci\u00f3n de riesgos laborales, promoci\u00f3n y selecci\u00f3nde1. Gesti\u00f3n contable, fiscal y administrativa: requerimientos por organismos de control,datos privados y sensibles, atenci\u00f3n y seguimiento de requerimientos de autoridadjudicial oSin perjuicio de lo anterior, todos los canales de comunicaci\u00f3n donde hay transmisi\u00f3nde informaci\u00f3n por parte de los titulares, establece la finalidad de la recolecci\u00f3n de lainformaci\u00f3n.d) Circulaci\u00f3nDITAR S.A. no comparte y\/o transmite los datos personales que recolecta con terceros, einternamente ha dispuesto controles de acceso para el ingreso de sus empleados a lossistemas de informaci\u00f3n de la organizaci\u00f3n, exclusivamente a la informaci\u00f3n que deacuerdo al rol y\/o cargo debe conocer el empleado. En caso de que DITAR S.A. transmitaa terceros, informaci\u00f3n personal, garantiza en la transmisi\u00f3n, medidas de seguridad yconfidencialidad adecuadas para evitar perdida, uso no autorizado, o fraudulento.e) Supresi\u00f3nLa informaci\u00f3n personal que se solicite con ocasi\u00f3n al cumplimiento de aspectos:legales, contractuales, tributarios, con fines de auditoria, entre otros relacionados,permanecer\u00e1 almacenada de acuerdo a los tiempos m\u00e1ximos establecidos en lalegislaci\u00f3n colombiana para su retenci\u00f3n.La supresi\u00f3n de la informaci\u00f3n personal recolectada en bases de datos, cuyasfinalidades no son obligatorias por ley, se realizar\u00e1 una vez se ha cumplido la finalidad,conforme a las autorizaciones, contratos y\/o acuerdos que el titular de la informaci\u00f3npreviamente haya pactado con DITAR S.A., no obstante, pueda que alguna informaci\u00f3nse conserve por fines de auditoria.<\/p>\n\n\n\n<p>\u200d<strong>T\u00cdTULO VII AUTORIZACI\u00d3N DEL TRATAMIENTO DE DATOS PERSONALES<br>DITAR S.A<\/strong>. solicitar\u00e1 a los titulares de la informaci\u00f3n autorizaci\u00f3n previa e informada para su tratamiento. Esta podr\u00e1 ser escrita, verbal o mediante conductas inequ\u00edvocas. La organizaci\u00f3n conservar\u00e1 prueba de las autorizaciones obtenidas para el tratamiento de los datos. Para el caso, en donde el titular de la informaci\u00f3n decida solicitar suprimir su informaci\u00f3n, la autorizaci\u00f3n obtenida ser\u00e1 preservada por el tiempo que la organizaci\u00f3n lo requiera.<\/p>\n\n\n\n<p><strong>T\u00cdTULO VIII PROCEDIMIENTO PARA LA PRESENTACI\u00d3N DE RECLAMOS, CONSULTAS Y SOLICITUDES.<\/strong><br>Toda solicitud, consulta o reclamo que sea presentada a DITAR S.A. por parte de cualquier titular o sus causahabientes respecto al manejo y tratamiento dado a la Pol\u00edtica para el tratamiento de datos personales. La solicitud ser\u00e1 resuelta de conformidad con la ley regulatoria al derecho al habeas data y ser\u00e1 tramitado bajo las siguientes reglas:a) ConsultasEl titular de la informaci\u00f3n, sus causahabientes o cualquiera otra persona con inter\u00e9s leg\u00edtimo, realizar\u00e1 las consultas a trav\u00e9s de comunicaci\u00f3n escrita o por medio de correo electr\u00f3nico, en el que:1.Determine su identidad, incluyendo su nombre y n\u00famero de identificaci\u00f3n.2. Se especifique de manera clara y expresa el motivo de la3. Se acredite el inter\u00e9s leg\u00edtimo con el que act\u00faa, adjuntando en todo caso los debidossoportes.4. Se indique la direcci\u00f3n f\u00edsica o electr\u00f3nica de correspondencia a la que se pueda remitir la respuesta de la De conformidad con el art\u00edculo catorce (14) de la ley 1581 de 2012: \u201cLa consulta ser\u00e1 atendida en un t\u00e9rmino m\u00e1ximo de diez (10) d\u00edas h\u00e1biles contados a partir de la fecha de su recibo. Cuando no fuere posible atenderla dentro del t\u00e9rmino antes se\u00f1alado, se informar\u00e1 al interesado antes del vencimiento del plazo las razones por las cuales no se ha dado respuesta a su consulta, la cual en ning\u00fan caso podr\u00e1 superar los cinco (5)d\u00edas h\u00e1biles siguientes al vencimiento del primer t\u00e9rmino\u201d.b) ReclamosEl Titular o sus causahabientes que consideren que la informaci\u00f3n contenida en una base de datos debe ser objeto de correcci\u00f3n, actualizaci\u00f3n o supresi\u00f3n o cuando adviertan el presunto incumplimiento de cualquiera de los deberes contenidos en la normatividad sobre Protecci\u00f3n de Datos Personales, podr\u00e1n presentar un reclamo ante el responsable del tratamiento. El reclamo lo podr\u00e1 presentar el titular teniendo en cuenta la informaci\u00f3n se\u00f1alada en el art\u00edculo 15 de la Ley 1581 de 2012 y las presentes reglas:1. El reclamo deber\u00e1: i) incluir la identidad de quien reclama, aduciendo su nombre y n\u00famero de identificaci\u00f3n; ii) especificar de manera clara y expresa el motivo de la consulta; iii) acreditar el inter\u00e9s leg\u00edtimo con el que act\u00faa el reclamante, adjuntando en todo caso los debidos soportes y, iv) indicar la direcci\u00f3n f\u00edsica o electr\u00f3nica de correspondencia a la que deba remitirse la respuesta de la solicitud. De encontrarse que el reclamo se encuentra incompleto, \u201cse requerir\u00e1 al interesado dentro de los cinco (5)d\u00edas h\u00e1biles siguientes a la recepci\u00f3n del mismo para que se subsanen las fallas. Transcurridos dos (2) meses desde la fecha del requerimiento, sin que el solicitante presente la informaci\u00f3n requerida, se entender\u00e1 que ha desistido del reclamo\u201d .En el caso de que, quien reciba el reclamo no sea competente para resolverlo, se dar\u00e1 traslado a quien corresponda en un t\u00e9rmino m\u00e1ximo de dos (2) d\u00edas h\u00e1biles e informar\u00e1 de la situaci\u00f3n al interesado.2. \u201cUna vez recibido el reclamo completo, se incluir\u00e1 en la base de datos una leyenda que diga \u201creclamo en tr\u00e1mite\u201d y el motivo del mismo, en un t\u00e9rmino no mayor a dos (2)d\u00edas h\u00e1biles. Dicha leyenda deber\u00e1 mantenerse hasta que el reclamo sea decidido\u201d.3. \u201cEl t\u00e9rmino m\u00e1ximo para atender el reclamo ser\u00e1 de quince (15) d\u00edas h\u00e1biles contados a partir de la fecha de su recibo. Cuando no fuere posible atenderla dentro del t\u00e9rmino antes se\u00f1alado, se informar\u00e1 al interesado antes del vencimiento del plazo las razones por las cuales no se ha dado respuesta a su consulta, la cual en ning\u00fan caso podr\u00e1 superar los ocho (8) d\u00edas h\u00e1biles siguientes al vencimiento del primer t\u00e9rmino\u201d. La solicitud de supresi\u00f3n de la informaci\u00f3n y la revocatoria de la autorizaci\u00f3n no proceder\u00e1n cuando el titular tenga un deber legal o contractual de permanecer en la base de datos. Si vencido el t\u00e9rmino legal respectivo, el responsable y\/o encargado, seg\u00fan fuera el caso, no hubieran eliminado los datos personales, el titular tendr\u00e1 derecho a solicitar ala Superintendencia de industria y Comercio que ordene la revocatoria de la autorizaci\u00f3n y\/o supresi\u00f3n de los datos personales. Para estos efectos se aplicar\u00e1 el procedimiento descrito en el art\u00edculo 22 de la ley 1581 de 2012.<\/p>\n\n\n\n<p><strong>T\u00cdTULO IX RESPONSABLE DEL CUMPLIMIENTO DE LA POL\u00cdTICA PARA EL TRATAMIENTO DE DATOS PERSONALES.<\/strong><br>El \u00e1rea responsable de recibir, atender y resolver las consultas y reclamos de titulares de datos personales o personas legitimadas para ello es Gesti\u00f3n Administrativa y Financiera, contactado a trav\u00e9s del correo electr\u00f3nico info@ditar.co<\/p>\n\n\n\n<p><strong>T\u00cdTULO X MODIFICACIONES A LA POL\u00cdTICA<\/strong><br>DITAR S.A. se reserva el derecho de modificar la pol\u00edtica para el tratamiento de datos personales en cualquier momento. Para tal efecto, har\u00e1 uso de cualquier mecanismo que determine para dar aviso a los titulares de la informaci\u00f3n con cinco (5) d\u00edas h\u00e1biles de antelaci\u00f3n a su implementaci\u00f3n y durante la vigencia de la pol\u00edtica (Correo electr\u00f3nico, publicaci\u00f3n de aviso en p\u00e1gina web, entre otros). En caso de no estar de acuerdo con las nuevas pol\u00edticas de manejo de la informaci\u00f3n personal, los titulares de la informaci\u00f3n o sus representantes podr\u00e1n solicitar a la organizaci\u00f3n el retiro de su informaci\u00f3n a trav\u00e9s del medio indicado anteriormente. Sin embargo, no se podr\u00e1 solicitar el retiro de los datos mientras se mantenga un v\u00ednculo de cualquier orden con la organizaci\u00f3n.<\/p>\n\n\n\n<p><strong>T\u00cdTULO XI VIGENCIA<\/strong><br>La presente pol\u00edtica estar\u00e1 vigente desde Abril de 2019.<\/p>\n","protected":false},"excerpt":{"rendered":"<p>DITAR S.A., sociedad dedicada a a) La producci\u00f3n, comercializaci\u00f3n, importaci\u00f3n y exportaci\u00f3n de cuadernos, art\u00edculos escolares, formas continuas de papel, suministros para oficina, litograf\u00edas, artes gr\u00e1ficas, e impresos comerciales b) La adquisici\u00f3n de materia prima y dem\u00e1s insumos que requieran las actividades anteriores anunciadas c)Celebrar contratos de agencia, distribuciones, concesi\u00f3n, suministros y consignaci\u00f3n sobre las [&hellip;]<\/p>\n","protected":false},"author":1,"featured_media":0,"parent":0,"menu_order":0,"comment_status":"closed","ping_status":"closed","template":"","meta":{"footnotes":""},"class_list":["post-161","page","type-page","status-publish","hentry"],"_links":{"self":[{"href":"https:\/\/papelesditar.vixnex.com\/index.php\/wp-json\/wp\/v2\/pages\/161","targetHints":{"allow":["GET"]}}],"collection":[{"href":"https:\/\/papelesditar.vixnex.com\/index.php\/wp-json\/wp\/v2\/pages"}],"about":[{"href":"https:\/\/papelesditar.vixnex.com\/index.php\/wp-json\/wp\/v2\/types\/page"}],"author":[{"embeddable":true,"href":"https:\/\/papelesditar.vixnex.com\/index.php\/wp-json\/wp\/v2\/users\/1"}],"replies":[{"embeddable":true,"href":"https:\/\/papelesditar.vixnex.com\/index.php\/wp-json\/wp\/v2\/comments?post=161"}],"version-history":[{"count":0,"href":"https:\/\/papelesditar.vixnex.com\/index.php\/wp-json\/wp\/v2\/pages\/161\/revisions"}],"wp:attachment":[{"href":"https:\/\/papelesditar.vixnex.com\/index.php\/wp-json\/wp\/v2\/media?parent=161"}],"curies":[{"name":"wp","href":"https:\/\/api.w.org\/{rel}","templated":true}]}}